?
True
Is 204675761 a prime number?
True
Is 384159 composite?
True
Is 24131 a prime number?
False
Is 128982107 prime?
True
Is 564527 prime?
False
Is 31499453 prime?
False
Is 7098577 composite?
False
Is 11384431 a prime number?
True
Is 31398373 a composite number?
False
Is 43397041 prime?
False
Is 26817433 prime?
False
Is 23976427 a prime number?
True
Is 4051451 a prime number?
False
Is 462966377 composite?
False
Is 42910561 a prime number?
True
Is 2893999 a prime number?
False
Is 1413191 composite?
True
Is 89531029 composite?
True
Is 2555258 prime?
False
Is 1326881 composite?
False
Is 58844231 a composite number?
True
Is 5922269 a prime number?
True
Is 3954823 prime?
True
Is 82969681 prime?
True
Is 124930903 composite?
False
Is 28216057 a prime number?
False
Is 97027237 a composite number?
False
Is 17463317 a prime number?
True
Is 25171123 prime?
True
Is 35018363 a composite number?
True
Is 26303197 a prime number?
False
Is 6554501 a prime number?
True
Is 1527347 composite?
False
Is 7870171 prime?
False
Is 87362897 composite?
True
Is 11107527 a prime number?
False
Is 1989193 composite?
False
Is 21626387 a composite number?
True
Is 1128371 a prime number?
True
Is 122756477 a composite number?
True
Is 698935 prime?
False
Is 2068081 a composite number?
True
Is 24283541 prime?
True
Is 75691793 prime?
False
Is 1460829 composite?
True
Is 2267583 a composite number?
True
Is 25884899 a prime number?
False
Is 15549959 composite?
False
Is 26983721 composite?
False
Is 2768863 a composite number?
False
Is 10659949 composite?
False
Is 32986321 prime?
True
Is 161413229 a composite number?
False
Is 45181555 prime?
False
Is 448635665 a composite number?
True
Is 1756009 prime?
True
Is 133058369 a prime number?
True
Is 52151917 a prime number?
True
Is 82243922 a composite number?
True
Is 173023639 a prime number?
True
Is 1441091 composite?
True
Is 490407809 prime?
True
Is 8362241 a composite number?
True
Is 111714131 a prime number?
True
Is 1087231 a prime number?
True
Is 645449681 composite?
False
Is 601950471 prime?
False
Is 4472261 prime?
True
Is 11831431 composite?
True
Is 260691143 composite?
False
Is 67326991 a composite number?
True
Is 2260187 a prime number?
False
Is 2320757 composite?
True
Is 20735389 a prime number?
False
Is 1546117 a prime number?
True
Is 247289741 prime?
False
Is 11884489 composite?
False
Is 1304969 a prime number?
True
Is 16688047 a prime number?
True
Is 6738311 prime?
False
Is 22087553 composite?
False
Is 481263893 a composite number?
True
Is 6992407 a prime number?
True
Is 378434549 a prime number?
True
Is 28459941 prime?
False
Is 957761587 a prime number?
True
Is 430259 prime?
True
Is 3424019 a prime number?
True
Is 406767547 a composite number?
False
Is 31045191 prime?
False
Is 21592481 a prime number?
False
Is 1253041 prime?
False
Is 1930931 prime?
True
Is 66548711 prime?
True
Is 78212261 composite?
True
Is 71958199 a prime number?
False
Is 3900209 prime?
False
Is 294653141 composite?
False
Is 488068799 a composite number?
False
Is 2662571 composite?
True
Is 128066609 composite?
True
Is 763769 a composite number?
True
Is 10305341 a prime number?
True
Is 15227593 a composite number?
True
Is 54382957 a prime number?
False
Is 1857539 composite?
True
Is 28995809 composite?
False
Is 134718433 composite?
False
Is 60995917 a composite number?
False
Is 46420129 prime?
False
Is 2613223 prime?
False
Is 28718279 prime?
False
Is 5434249 composite?
True
Is 447622667 prime?
False
Is 61740191 composite?
True
Is 78313637 prime?
False
Is 6820321 a prime number?
False
Is 63207051 a prime number?
False
Is 105998839 composite?
False
Is 46982971 prime?
False
Is 106587509 composite?
True
Is 2207519 prime?
True
Is 24196265 a prime number?
False
Is 588527 a composite number?
True
Is 65509609 a composite number?
True
Is 2408261 prime?
False
Is 32371013 a composite number?
False
Is 28292419 a prime number?
False
Is 1785041 a prime number?
True
Is 40149583 a composite number?
False
Is 1023697 a prime number?
True
Is 94194931 a composite number?
True
Is 57721057 a composite number?
True
Is 665451923 composite?
False
Is 4756657 composite?
False
Is 1410037 a prime number?
True
Is 453181297 a prime number?
True
Is 17474531 prime?
True
Is 5023997 composite?
True
Is 910841 composite?
True
Is 113745319 prime?
True
Is 7775653 a composite number?
True
Is 3799261 prime?
False
Is 21411503 a composite number?
True
Is 9044353 prime?
False
Is 1070677 a prime number?
False
Is 93740897 a prime number?
False
Is 3164893 composite?
False
Is 109421867 prime?
True
Is 36595591 a prime number?
False
Is 13446943 composite?
True
Is 14887559 prime?
True
Is 2650751 prime?
True
Is 17813197 composite?
False
Is 9841799 a composite number?
True
Is 227743 a prime number?
True
Is 519221 prime?
False
Is 805477 a composite number?
True
Is 239961589 composite?
True
Is 144569641 prime?
True
Is 69176311 a composite number?
True
Is 10375187 a composite number?
False
Is 215670259 prime?
False
Is 14247463 composite?
True
Is 3018271 a prime number?
False
Is 8767841 prime?
True
Is 3988321 composite?
False
Is 25068587 a composite number?
False
Is 398941117 a composite number?
False
Is 1577099 prime?
True
Is 37571431 composite?
True
Is 1646251 a prime number?
False
Is 1338583 a prime number?
False
Is 242161 prime?
True
Is 1299889 a prime number?
False
Is 708063 a composite number?
True
Is 24770959 a composite number?
True
Is 22666223 a prime number?
False
Is 17400081 composite?
True
Is 4676011 a composite number?
False
Is 216841 prime?
True
Is 1976141 a composite number?
False
Is 34673479 a prime number?
True
Is 5030059 a composite number?
True
Is 32111089 a prime number?
True
Is 19570823 a prime number?
True
Is 2201281 a prime number?
True
Is 9562249 prime?
False
Is 456885283 composite?
False
Is 27637699 prime?
False
Is 12566551 prime?
True
Is 5037419 composite?
False
Is 1581154477 a composite number?
True
Is 19912979 a prime number?
True
Is 511261 a prime number?
True
Is 14759383 prime?
False
Is 103561963 a composite number?
False
Is 523966683 composite?
True
Is 710077 prime?
False
Is 2464783 composite?
False
Is 16999511 prime?
False
Is 9395791 prime?
False
Is 11039851 a composite number?
True
Is 1022457 a prime number?
False
Is 40581713 a composite number?
True
Is 906077 a composite number?
True
Is 3630037 a composite number?
False
Is 2823829 a composite number?
False
Is 8205611 composite?
True
Is 797077771 composite?
True
Is 99019343 a composite number?
True
Is 1351271 a composite number?
True
Is 61271255 prime?
False
Is 114491 a composite number?
True
Is 50074687 composite?
True
Is 15461311 prime?
True
Is 48739379 a composite number?
True
Is 5555983 composite?
False
Is 574422239 a composite number?
False
Is 257614271 a composite number?
False
Is 13319561 prime?
True
Is 495527545 a composite number?
True
Is 18054089 composite?
False
Is 1075091 a prime number?
True
Is 50331503 a composite number?
True
Is 1303513 composite?
True
Is 36095803 a composite number?
False
Is 26309939 composite?
False
Is 33250883 a prime number?
False
Is 24042599 composite?
True
Is 179566829 prime?
False
Is 36336271 a composite number?
True
Is 7932097 composite?
True
Is 17866123 composite?
True
Is 1502381 prime?
True
Is 1423559 composite?
True
Is 426146186 a prime number?
False
Is 14473237 a composite number?
True
Is 179278235 a prime number?
False
Is 792789 a prime number?
False
Is 67962007 a composite number?
True
Is 25666559 a composite number?
True
Is 58259779 prime?
True
Is 77511617 a composite number?
False
Is 12097543 prime?
True
Is 6324261 prime?
False
Is 651943 a composite number?
False
Is 10733897 a composite number?
True
Is 73727 prime?
True
Is 205074523 prime?
False
Is 22853291 composite?
False
Is 6561991 composite?
False
Is 10071797 a prime number?
False
Is 16149857 prime?
True
Is 2755997 a prime number?
True
Is 3415759 composite?
True
Is 744647 composite?
True
Is 8014543 prime?
False
Is 1561681 a prime number?
False
Is 566387 prime?
True
Is 818189 a composite number?
False
Is 8419727 a prime number?
True
Is 5299661 a composite number?
False
Is 163324451 prime?
True
Is 3151319 a prime number?
True
Is 1708393 prime?
False
Is 39657183 composite?
True
Is 607965559 a composite number?
True
Is 18428843 com